 = h**3 + h + 31. Suppose 0 = 12*w - 11*w. Calculate the remainder when q is divided by o(w).
28
Let a be 5*(-24)/(-150) + 182/10. Let z = -2 + a. Calculate the remainder when z is divided by 9.
8
Let v = -3368 - -3561. Calculate the remainder when v is divided by 86.
21
Suppose 10016 = 83*d - 27*d - 5104. Calculate the remainder when d is divided by 23.
17
Let s be (-25 + 10)/(((-27)/(-318))/(-3)). Suppose -14*l = -128 - s. Calculate the remainder when l is divided by (-370)/(-22) + 6/33.
13
Let o = -9651 - -9697. What is the remainder when 425 is divided by o?
11
Let q be ((27/(-9))/(-3))/((-2)/(-4)). Suppose n + 4*n - q*j = 64, 0 = 5*n - j - 67. Calculate the remainder when (-757)/(-11) + 10/55 is divided by n.
13
Let x(s) = 43*s + 2. Let b be x(1). Let z = b + -45. Let c(t) = -4*t + 63. Calculate the remainder when c(z) is divided by 33.
30
Let m = -1284 + 1312. Calculate the remainder when (-2171)/(-65) - (-3)/5 is divided by m.
6
Suppose -3*h + h = -10. Suppose h*k = k + 24. Suppose -n - k = -4*n. What is the remainder when 6 is divided by n?
0
Let b be 1870/77 - (-4)/(-14). Suppose 0*u + 2*u - b = 0. Calculate the remainder when 36 is divided by u.
0
Let d(y) = -y**3 - 3*y**2 + 8*y - 4. Suppose 16*g - 11*g + 1521 = w, 4*w - 4 = 0. Calculate the remainder when d(-6) is divided by (-5*4)/(g/228).
11
Suppose -l = 3 + 3. Let u = -332 - -353. What is the remainder when 77 is divided by (9/l)/(u/(-140))?
7
Suppose -792976 - 161162 = -94*d + 95936. What is the remainder when d is divided by 114?
113
Let b(c) = 9*c + 12. What is the remainder when ((-528)/(-42))/(-4)*-14 is divided by b(0)?
8
Calculate the remainder when -35 + 43 + -3*(-16430)/15 is divided by 19.
7
Let y(j) = 6*j**2 + 13*j - 62. Let l be y(4). Let c = l - 42. Calculate the remainder when c is divided by 3.
2
Suppose 0 = m - 0*m - 2*s - 118, 5*m - 515 = -5*s. Let c = m - 59. What is the remainder when c is divided by (5/50 - 8/(-20))*(-40)/(-2)?
9
Let o = -11022 - -11212. What is the remainder when o is divided by 4?
2
Let f = 340 - 340. Suppose -9*z + 6*z + 204 = -4*i, 2*z + 5*i - 113 = f. Calculate the remainder when z is divided by 35.
29
Let h = 21232 + -11114. What is the remainder when h is divided by 88?
86
Let i(f) = f**3 - 5*f**2 - 21*f - 2. Suppose -5*z + 2*x + 69 - 19 = 0, 0 = 3*z - x - 29. Calculate the remainder when 65 is divided by i(z).
21
Suppose 3*w = -2*w - a + 35, 0 = -4*w + 3*a + 28. Let x = -36448 + 36462. Calculate the remainder when x is divided by w.
0
Suppose 2*h - h - 9 = -f, -5 = -h + 3*f. Suppose -h*m = -2*m - 78. Suppose 2*d = -d - x + 187, -74 = -d + 2*x. What is the remainder when d is divided by m?
12
Suppose 2085 + 21592 + 1278 = 161*a. Calculate the remainder when 1712 is divided by a.
7
Suppose -3*p + 489 = -0*p. Let z = 549943 - 549929. Calculate the remainder when p is divided by z.
9
Suppose 3 = z, o - 8*z = -4*z + 55. Let k = 76 - o. Suppose 4*t - 6*t + 70 = 0. What is the remainder when t is divided by k?
8
Suppose -4*d = -3*g - 7 + 73, -5*g - 5*d = -110. Let p = 677 - 507. Calculate the remainder when p is divided by g.
16
Suppose d + z - 193 = 0, -z = 4*d - 998 + 235. Suppose 7*f + d = 414. What is the remainder when 125 is divided by f?
29
Suppose -7*p = -4666 + 4533. Calculate the remainder when 375 is divided by p.
14
Suppose 11 + 1 = 6*x. Suppose p + 10 = 5*n, n - 4*p - p - x = 0. Calculate the remainder when 7 is divided by n/6 - 16*(-2)/12.
1
Let y(k) = -k**3 + 9*k**2 + 8*k - 74. What is the remainder when 174 is divided by y(8)?
12
Suppose -4*p - 206 = -4*o + 2, -92 = -2*o + 5*p. Suppose -4*d = r - 33, 5*r + d - o - 14 = 0. What is the remainder when 38 is divided by r?
12
Suppose 129*n = n + 24408 + 7976. What is the remainder when 729 is divided by n?
223
Let t(m) = -m**2 + 14*m + 63. Let z be t(-5). Let f = 182 + z. Calculate the remainder when f is divided by 8.
6
Let b(u) = 5*u + 8. Let x be 20 + 1 + 0 + 0 + 2. Suppose 5*f - x = 27. What is the remainder when b(3) is divided by f?
3
What is the remainder when -7868*((-3)/((-3)/2) + 740/(-259)) is divided by 95?
94
Let t = -194 - -196. Suppose -g + 102 = t*s, -5*s + 388 = 4*g - 2*s. Calculate the remainder when 375 is divided by g.
93
Calculate the remainder when 224 + 0 - (75 + -82) is divided by 114.
3
Let o(d) = 8*d**2 - 29*d + 7. Let n be o(4). Suppose -4*a = -3*m + 48, -2*m = 3*a - 13 - n. Calculate the remainder when 494 is divided by m.
14
Suppose -23*r = 31 - 376. What is the remainder when 2187 is divided by r?
12
Let v = 929 - 868. Let l = 17 + -8. Calculate the remainder when v is divided by l.
7
Let q(n) = -n**3 + 8*n**2 - 22*n + 96. Let l(c) = 6*c - 1. Let d be l(3). Let g = 33 - d. Calculate the remainder when q(5) is divided by g.
13
Let b(x) = 7*x**2 - 28*x - 138. Calculate the remainder when b(-7) is divided by 196.
9
Let h = -22 + 81. Suppose -4*g = -5*g - 3. Calculate the remainder when h is divided by (7 + (-6 - g))/((-4)/(-16)).
11
Let k(a) = a**3 + 17*a**2 + 18*a + 62. What is the remainder when k(-10) is divided by 160?
102
Suppose 4*h + 7*h = 22. Suppose -7*m - 255 = -h*m. Let g = m - -71. Calculate the remainder when 139 is divided by g.
19
Calculate the remainder when 269 is divided by (3 - (-48)/3)*32/32.
3
Let n = 103 - 98. Let m(l) = l**2 + 7*l + 7. Calculate the remainder when m(n) is divided by 34.
33
What is the remainder when 3715*(238/70 + -3) is divided by 31?
29
Let m be 140/(-84)*(-36)/20. Calculate the remainder when (-20 - -605)/(m - 2) is divided by 42.
39
What is the remainder when 74 is divided by (2088/(-3480))/((-59)/220 + (-1)/(-4))?
8
Suppose 9833*r - 26700 = 9822*r - 8572. What is the remainder when r is divided by 1629?
19
Let f = -8873 + 8934. What is the remainder when 3470 is divided by f?
54
Let o(s) = -14*s**3 + 2*s**2 + 2*s + 1. Let p(t) = t**2 + 2*t + 9. Let d be p(-7). Suppose -72 - d = -2*b. Calculate the remainder when b is divided by o(-1).
13
Let v be (2/3)/((-2)/(-1944)*3). Let t = -146 + v. What is the remainder when 52 is divided by (-2 + 5)*t/15?
10
Suppose -99*a + 331 + 986 = -2544. What is the remainder when 728 is divided by a?
26
Let b(f) = f**3 + 22*f**2 - 4*f - 73. What is the remainder when b(-20) is divided by 63?
51
Let b(s) = s**3 + 11*s**2 - 2*s - 5. Let k = -27 + 29. Suppose 11*h - 14 = -k*x + 6*h, -5*x = -5*h - 105. Calculate the remainder when b(-10) is divided by x.
13
Suppose -3*w + w + 60 = -4*b, -4*w + 115 = -3*b. Suppose -31*q = -w*q - 78. Calculate the remainder when q is divided by 19.
7
Let j = -174 - -176. Suppose 5*c = j*c + 3*w + 51, -2*c + 5*w + 22 = 0. Calculate the remainder when c is divided by 14.
7
Let r(x) = -52 + 41 - x - 12*x + x. Suppose -4*j = 2*a + 12, 5*a + 4*j - 12 + 36 = 0. What is the remainder when r(a) is divided by 21?
16
Suppose 18*u = 78 - 24. What is the remainder when ((-4)/(4/(-3)))/(u/85) is divided by 22?
19
Let c(o) = o**3 + 3*o**2 - 130*o + 55. Calculate the remainder when 2715 is divided by c(-13).
20
What is the remainder when 2436 + -4 + -6 + 3 is divided by 54?
53
Let q be 171/(33/6 + -4). Let h = -30 + q. Calculate the remainder when 54 is divided by (-2 - 1)/((-18)/h).
12
Let w be (60/(-9))/(1/3*-2). What is the remainder when 46 is divided by w + ((-8)/(-6) - 299/69)?
4
Suppose -141*t + 7193 = -2959. Calculate the remainder when 77 is divided by t.
5
Let h(u) = 24*u**2 - 8*u - 9. Let a(y) = -22*y**2 + 7*y + 10. Let r(s) = -4*a(s) - 3*h(s). What is the remainder when r(10) is divided by 25?
22
Let g(q) = -11*q**3 + 4*q**2 + 2*q - 17. Let m be g(4). Let l = -634 - m. What is the remainder when 1154 is divided by l?
14
Let y = -155 + 160. Suppose 4*k - y*k + 4*x + 448 = 0, 5*k + 4*x = 2192. What is the remainder when k is divided by 34?
32
Let c(n) = n**3 + 3*n**2 - 22*n. Suppose -5*t = 3*u - 174, -45*t - 232 = -4*u - 44*t. What is the remainder when u is divided by c(-6)?
10
Let b = 387 + -386. Let y(i) = 26*i**3 - i**2 + 3*i - 2. Calculate the remainder when y(b) is divided by 18.
8
Suppose 5*a = -k + 52, -4*k + 2*k + 79 = 5*a. Let x = 1260 + -1245. What is the remainder when k is divided by x?
12
Let d = 39198 + -36973. Calculate the remainder when d is divided by 246.
11
Let x(l) = -l**3 + 11*l**2 + 8. Let a be (-40 - (-3 - -3)) + 0. Let z be (-45